{"id":20318,"date":"2022-09-28T17:10:52","date_gmt":"2022-09-28T15:10:52","guid":{"rendered":"http:\/\/jacquemond-france.com\/?page_id=20318"},"modified":"2026-03-02T09:07:59","modified_gmt":"2026-03-02T08:07:59","slug":"tarif-928-oct-2022","status":"publish","type":"page","link":"https:\/\/jacquemond-france.com\/index.php\/tarif-928-oct-2022\/","title":{"rendered":"Tarif 928 Oct 2022"},"content":{"rendered":"\t\t<div data-elementor-type=\"wp-page\" data-elementor-id=\"20318\" class=\"elementor elementor-20318\" data-elementor-post-type=\"page\">\n\t\t\t\t\t\t<section class=\"elementor-section elementor-top-section elementor-element elementor-element-02207ad elementor-section-height-min-height elementor-section-items-stretch elementor-section-stretched elementor-section-boxed elementor-section-height-default\" data-id=\"02207ad\" data-element_type=\"section\" data-settings=\"{&quot;stretch_section&quot;:&quot;section-stretched&quot;,&quot;background_background&quot;:&quot;classic&quot;}\">\n\t\t\t\t\t\t<div class=\"elementor-container elementor-column-gap-default\">\n\t\t\t\t\t<div class=\"elementor-column elementor-col-100 elementor-top-column elementor-element elementor-element-e8d68b4\" data-id=\"e8d68b4\" data-element_type=\"column\">\n\t\t\t<div class=\"elementor-widget-wrap elementor-element-populated\">\n\t\t\t\t\t\t<div class=\"elementor-element elementor-element-4adb66a elementor-widget elementor-widget-heading\" data-id=\"4adb66a\" data-element_type=\"widget\" data-widget_type=\"heading.default\">\n\t\t\t\t<div class=\"elementor-widget-container\">\n\t\t\t\t\t<h2 class=\"elementor-heading-title elementor-size-default\">Porsche <b>928<\/b> <\/h2>\t\t\t\t<\/div>\n\t\t\t\t<\/div>\n\t\t\t\t<div class=\"elementor-element elementor-element-69a87e9 elementor-button-align-stretch elementor-widget elementor-widget-form\" data-id=\"69a87e9\" data-element_type=\"widget\" data-settings=\"{&quot;button_width&quot;:&quot;25&quot;,&quot;step_next_label&quot;:&quot;Suivant&quot;,&quot;step_previous_label&quot;:&quot;Pr\\u00e9c\\u00e9dent&quot;,&quot;step_type&quot;:&quot;number_text&quot;,&quot;step_icon_shape&quot;:&quot;circle&quot;}\" data-widget_type=\"form.default\">\n\t\t\t\t<div class=\"elementor-widget-container\">\n\t\t\t\t\t\t\t<form class=\"elementor-form\" method=\"post\" name=\"New Form\">\n\t\t\t<input type=\"hidden\" name=\"post_id\" value=\"20318\"\/>\n\t\t\t<input type=\"hidden\" name=\"form_id\" value=\"69a87e9\"\/>\n\t\t\t<input type=\"hidden\" name=\"referer_title\" value=\"\" \/>\n\n\t\t\t\n\t\t\t<div class=\"elementor-form-fields-wrapper elementor-labels-above\">\n\t\t\t\t\t\t\t\t<div class=\"elementor-field-type-text elementor-field-group elementor-column elementor-field-group-name elementor-col-33\">\n\t\t\t\t\t\t\t\t\t\t\t\t<label for=\"form-field-name\" class=\"elementor-field-label\">\n\t\t\t\t\t\t\t\tNom, pr\u00e9nom\t\t\t\t\t\t\t<\/label>\n\t\t\t\t\t\t\t\t\t\t\t\t\t\t<input size=\"1\" type=\"text\" name=\"form_fields[name]\" id=\"form-field-name\" class=\"elementor-field elementor-size-md  elementor-field-textual\" placeholder=\"Dupont Pierre\">\n\t\t\t\t\t\t\t\t\t\t\t<\/div>\n\t\t\t\t\t\t\t\t<div class=\"elementor-field-type-email elementor-field-group elementor-column elementor-field-group-email elementor-col-33\">\n\t\t\t\t\t\t\t\t\t\t\t\t<label for=\"form-field-email\" class=\"elementor-field-label\">\n\t\t\t\t\t\t\t\tEmail\t\t\t\t\t\t\t<\/label>\n\t\t\t\t\t\t\t\t\t\t\t\t\t\t<input size=\"1\" type=\"email\" name=\"form_fields[email]\" id=\"form-field-email\" class=\"elementor-field elementor-size-md  elementor-field-textual\" placeholder=\"Email\">\n\t\t\t\t\t\t\t\t\t\t\t<\/div>\n\t\t\t\t\t\t\t\t<div class=\"elementor-field-type-text elementor-field-group elementor-column elementor-field-group-field_5 elementor-col-33\">\n\t\t\t\t\t\t\t\t\t\t\t\t<label for=\"form-field-field_5\" class=\"elementor-field-label\">\n\t\t\t\t\t\t\t\tNum\u00e9ro de t\u00e9l\u00e9phone\t\t\t\t\t\t\t<\/label>\n\t\t\t\t\t\t\t\t\t\t\t\t\t\t<input size=\"1\" type=\"text\" name=\"form_fields[field_5]\" id=\"form-field-field_5\" class=\"elementor-field elementor-size-md  elementor-field-textual\" placeholder=\"06 ...\">\n\t\t\t\t\t\t\t\t\t\t\t<\/div>\n\t\t\t\t\t\t\t\t<div class=\"elementor-field-type-radio elementor-field-group elementor-column elementor-field-group-message elementor-col-33\">\n\t\t\t\t\t\t\t\t\t\t\t\t<label for=\"form-field-message\" class=\"elementor-field-label\">\n\t\t\t\t\t\t\t\tQuel modele possedez vous ?\t\t\t\t\t\t\t<\/label>\n\t\t\t\t\t\t<div class=\"elementor-field-subgroup  \"><span class=\"elementor-field-option\"><input type=\"radio\" value=\"928\" id=\"form-field-message-0\" name=\"form_fields[message]\"> <label for=\"form-field-message-0\">928<\/label><\/span><span class=\"elementor-field-option\"><input type=\"radio\" value=\"928-S\/S2\" id=\"form-field-message-1\" name=\"form_fields[message]\"> <label for=\"form-field-message-1\">928-S\/S2<\/label><\/span><span class=\"elementor-field-option\"><input type=\"radio\" value=\"928-S4\" id=\"form-field-message-2\" name=\"form_fields[message]\"> <label for=\"form-field-message-2\">928-S4<\/label><\/span><span class=\"elementor-field-option\"><input type=\"radio\" value=\"928-GT\" id=\"form-field-message-3\" name=\"form_fields[message]\"> <label for=\"form-field-message-3\">928-GT<\/label><\/span><span class=\"elementor-field-option\"><input type=\"radio\" value=\"928-GTS\" id=\"form-field-message-4\" name=\"form_fields[message]\"> <label for=\"form-field-message-4\">928-GTS<\/label><\/span><\/div>\t\t\t\t<\/div>\n\t\t\t\t\t\t\t\t<div class=\"elementor-field-type-radio elementor-field-group elementor-column elementor-field-group-4aba5b5 elementor-col-33\">\n\t\t\t\t\t\t\t\t\t\t\t\t<label for=\"form-field-4aba5b5\" class=\"elementor-field-label\">\n\t\t\t\t\t\t\t\tEtes vous int\u00e9ress\u00e9 par le montage dans nos ateliers ?\t\t\t\t\t\t\t<\/label>\n\t\t\t\t\t\t<div class=\"elementor-field-subgroup  elementor-subgroup-inline\"><span class=\"elementor-field-option\"><input type=\"radio\" value=\"oui\" id=\"form-field-4aba5b5-0\" name=\"form_fields[4aba5b5]\"> <label for=\"form-field-4aba5b5-0\">oui<\/label><\/span><span class=\"elementor-field-option\"><input type=\"radio\" value=\"non\" id=\"form-field-4aba5b5-1\" name=\"form_fields[4aba5b5]\"> <label for=\"form-field-4aba5b5-1\">non<\/label><\/span><span class=\"elementor-field-option\"><input type=\"radio\" value=\"ne sais pas\" id=\"form-field-4aba5b5-2\" name=\"form_fields[4aba5b5]\"> <label for=\"form-field-4aba5b5-2\">ne sais pas<\/label><\/span><\/div>\t\t\t\t<\/div>\n\t\t\t\t\t\t\t\t<div class=\"elementor-field-type-text elementor-field-group elementor-column elementor-field-group-field_6 elementor-col-33\">\n\t\t\t\t\t\t\t\t\t\t\t\t<label for=\"form-field-field_6\" class=\"elementor-field-label\">\n\t\t\t\t\t\t\t\tVille, D\u00e9partement, Pays\t\t\t\t\t\t\t<\/label>\n\t\t\t\t\t\t\t\t\t\t\t\t\t\t<input size=\"1\" type=\"text\" name=\"form_fields[field_6]\" id=\"form-field-field_6\" class=\"elementor-field elementor-size-md  elementor-field-textual\">\n\t\t\t\t\t\t\t\t\t\t\t<\/div>\n\t\t\t\t\t\t\t\t<div class=\"elementor-field-type-checkbox elementor-field-group elementor-column elementor-field-group-field_4 elementor-col-50\">\n\t\t\t\t\t\t\t\t\t\t\t\t<label for=\"form-field-field_4\" class=\"elementor-field-label\">\n\t\t\t\t\t\t\t\tQuel \u00e9l\u00e9ment ou programme vous int\u00e9resse ?\t\t\t\t\t\t\t<\/label>\n\t\t\t\t\t\t<div class=\"elementor-field-subgroup  elementor-subgroup-inline\"><span class=\"elementor-field-option\"><input type=\"checkbox\" value=\"Spoiler de toit\" id=\"form-field-field_4-0\" name=\"form_fields[field_4][]\"> <label for=\"form-field-field_4-0\">Spoiler de toit<\/label><\/span><span class=\"elementor-field-option\"><input type=\"checkbox\" value=\"Aileron X1\" id=\"form-field-field_4-1\" name=\"form_fields[field_4][]\"> <label for=\"form-field-field_4-1\">Aileron X1<\/label><\/span><span class=\"elementor-field-option\"><input type=\"checkbox\" value=\"Aileron MedAero\" id=\"form-field-field_4-2\" name=\"form_fields[field_4][]\"> <label for=\"form-field-field_4-2\">Aileron MedAero<\/label><\/span><span class=\"elementor-field-option\"><input type=\"checkbox\" value=\"Aileron AeroPlus\" id=\"form-field-field_4-3\" name=\"form_fields[field_4][]\"> <label for=\"form-field-field_4-3\">Aileron AeroPlus<\/label><\/span><span class=\"elementor-field-option\"><input type=\"checkbox\" value=\"Extensions d&#039;ailes Arri\u00e8re MedAero\" id=\"form-field-field_4-4\" name=\"form_fields[field_4][]\"> <label for=\"form-field-field_4-4\">Extensions d'ailes Arri\u00e8re MedAero<\/label><\/span><span class=\"elementor-field-option\"><input type=\"checkbox\" value=\"Bas de caisse MedAero\" id=\"form-field-field_4-5\" name=\"form_fields[field_4][]\"> <label for=\"form-field-field_4-5\">Bas de caisse MedAero<\/label><\/span><span class=\"elementor-field-option\"><input type=\"checkbox\" value=\"Sport-Hatch\" id=\"form-field-field_4-6\" name=\"form_fields[field_4][]\"> <label for=\"form-field-field_4-6\">Sport-Hatch<\/label><\/span><span class=\"elementor-field-option\"><input type=\"checkbox\" value=\"Programme WideAero\" id=\"form-field-field_4-7\" name=\"form_fields[field_4][]\"> <label for=\"form-field-field_4-7\">Programme WideAero<\/label><\/span><span class=\"elementor-field-option\"><input type=\"checkbox\" value=\"Programme ClockWork\" id=\"form-field-field_4-8\" name=\"form_fields[field_4][]\"> <label for=\"form-field-field_4-8\">Programme ClockWork<\/label><\/span><span class=\"elementor-field-option\"><input type=\"checkbox\" value=\"Programme H_go\" id=\"form-field-field_4-9\" name=\"form_fields[field_4][]\"> <label for=\"form-field-field_4-9\">Programme H_go<\/label><\/span><span class=\"elementor-field-option\"><input type=\"checkbox\" value=\"Programme Ultra-X\" id=\"form-field-field_4-10\" name=\"form_fields[field_4][]\"> <label for=\"form-field-field_4-10\">Programme Ultra-X<\/label><\/span><\/div>\t\t\t\t<\/div>\n\t\t\t\t\t\t\t\t<div class=\"elementor-field-type-radio elementor-field-group elementor-column elementor-field-group-9bdaadb elementor-col-50\">\n\t\t\t\t\t\t\t\t\t\t\t\t<label for=\"form-field-9bdaadb\" class=\"elementor-field-label\">\n\t\t\t\t\t\t\t\tEtes vous int\u00e9ress\u00e9 par une commande\t\t\t\t\t\t\t<\/label>\n\t\t\t\t\t\t<div class=\"elementor-field-subgroup  \"><span class=\"elementor-field-option\"><input type=\"radio\" value=\"imm\u00e9diatement\" id=\"form-field-9bdaadb-0\" name=\"form_fields[9bdaadb]\"> <label for=\"form-field-9bdaadb-0\">imm\u00e9diatement<\/label><\/span><span class=\"elementor-field-option\"><input type=\"radio\" value=\"dans les prochains jours\" id=\"form-field-9bdaadb-1\" name=\"form_fields[9bdaadb]\"> <label for=\"form-field-9bdaadb-1\">dans les prochains jours<\/label><\/span><span class=\"elementor-field-option\"><input type=\"radio\" value=\"dans les prochaines semaines\" id=\"form-field-9bdaadb-2\" name=\"form_fields[9bdaadb]\"> <label for=\"form-field-9bdaadb-2\">dans les prochaines semaines<\/label><\/span><span class=\"elementor-field-option\"><input type=\"radio\" value=\"dans les prochains mois\" id=\"form-field-9bdaadb-3\" name=\"form_fields[9bdaadb]\"> <label for=\"form-field-9bdaadb-3\">dans les prochains mois<\/label><\/span><\/div>\t\t\t\t<\/div>\n\t\t\t\t\t\t\t\t<div class=\"elementor-field-type-radio elementor-field-group elementor-column elementor-field-group-field_0d98b7b elementor-col-40\">\n\t\t\t\t\t\t\t\t\t\t\t\t<label for=\"form-field-field_0d98b7b\" class=\"elementor-field-label\">\n\t\t\t\t\t\t\t\tComment avez vous connu notre marque ?\t\t\t\t\t\t\t<\/label>\n\t\t\t\t\t\t<div class=\"elementor-field-subgroup  \"><span class=\"elementor-field-option\"><input type=\"radio\" value=\"Facebook\" id=\"form-field-field_0d98b7b-0\" name=\"form_fields[field_0d98b7b]\"> <label for=\"form-field-field_0d98b7b-0\">Facebook<\/label><\/span><span class=\"elementor-field-option\"><input type=\"radio\" value=\"Bouche \u00e0 oreille\" id=\"form-field-field_0d98b7b-1\" name=\"form_fields[field_0d98b7b]\"> <label for=\"form-field-field_0d98b7b-1\">Bouche \u00e0 oreille<\/label><\/span><span class=\"elementor-field-option\"><input type=\"radio\" value=\"Google\" id=\"form-field-field_0d98b7b-2\" name=\"form_fields[field_0d98b7b]\"> <label for=\"form-field-field_0d98b7b-2\">Google<\/label><\/span><span class=\"elementor-field-option\"><input type=\"radio\" value=\"Youtube\" id=\"form-field-field_0d98b7b-3\" name=\"form_fields[field_0d98b7b]\"> <label for=\"form-field-field_0d98b7b-3\">Youtube<\/label><\/span><span class=\"elementor-field-option\"><input type=\"radio\" value=\"Forum\" id=\"form-field-field_0d98b7b-4\" name=\"form_fields[field_0d98b7b]\"> <label for=\"form-field-field_0d98b7b-4\">Forum<\/label><\/span><span class=\"elementor-field-option\"><input type=\"radio\" value=\"autre\" id=\"form-field-field_0d98b7b-5\" name=\"form_fields[field_0d98b7b]\"> <label for=\"form-field-field_0d98b7b-5\">autre<\/label><\/span><\/div>\t\t\t\t<\/div>\n\t\t\t\t\t\t\t\t<div class=\"elementor-field-group elementor-column elementor-field-type-submit elementor-col-25 e-form__buttons\">\n\t\t\t\t\t<button class=\"elementor-button elementor-size-md\" type=\"submit\">\n\t\t\t\t\t\t<span class=\"elementor-button-content-wrapper\">\n\t\t\t\t\t\t\t\t\t\t\t\t\t\t\t\t\t\t\t\t\t\t<span class=\"elementor-button-text\">Envoyer<\/span>\n\t\t\t\t\t\t\t\t\t\t\t\t\t<\/span>\n\t\t\t\t\t<\/button>\n\t\t\t\t<\/div>\n\t\t\t<\/div>\n\t\t<\/form>\n\t\t\t\t\t\t<\/div>\n\t\t\t\t<\/div>\n\t\t\t\t\t<\/div>\n\t\t<\/div>\n\t\t\t\t\t<\/div>\n\t\t<\/section>\n\t\t\t\t<\/div>\n\t\t","protected":false},"excerpt":{"rendered":"<p>Porsche 928<\/p>\n","protected":false},"author":1,"featured_media":0,"parent":0,"menu_order":0,"comment_status":"closed","ping_status":"closed","template":"","meta":{"_monsterinsights_skip_tracking":false,"_monsterinsights_sitenote_active":false,"_monsterinsights_sitenote_note":"","_monsterinsights_sitenote_category":0,"footnotes":""},"class_list":["post-20318","page","type-page","status-publish","hentry"],"_links":{"self":[{"href":"https:\/\/jacquemond-france.com\/index.php\/wp-json\/wp\/v2\/pages\/20318","targetHints":{"allow":["GET"]}}],"collection":[{"href":"https:\/\/jacquemond-france.com\/index.php\/wp-json\/wp\/v2\/pages"}],"about":[{"href":"https:\/\/jacquemond-france.com\/index.php\/wp-json\/wp\/v2\/types\/page"}],"author":[{"embeddable":true,"href":"https:\/\/jacquemond-france.com\/index.php\/wp-json\/wp\/v2\/users\/1"}],"replies":[{"embeddable":true,"href":"https:\/\/jacquemond-france.com\/index.php\/wp-json\/wp\/v2\/comments?post=20318"}],"version-history":[{"count":11,"href":"https:\/\/jacquemond-france.com\/index.php\/wp-json\/wp\/v2\/pages\/20318\/revisions"}],"predecessor-version":[{"id":28804,"href":"https:\/\/jacquemond-france.com\/index.php\/wp-json\/wp\/v2\/pages\/20318\/revisions\/28804"}],"wp:attachment":[{"href":"https:\/\/jacquemond-france.com\/index.php\/wp-json\/wp\/v2\/media?parent=20318"}],"curies":[{"name":"wp","href":"https:\/\/api.w.org\/{rel}","templated":true}]}}